factor of 2147?
True
Does 452 divide 4540792?
True
Is 127 a factor of 105029?
True
Is 483033 a multiple of 112?
False
Is 15 a factor of 107070?
True
Is 9 a factor of 10748808?
True
Is 2739348 a multiple of 564?
True
Does 28 divide 250315?
False
Does 8 divide 332712?
True
Does 5 divide 143267?
False
Is 7 a factor of 561350?
False
Does 250 divide 3227542?
False
Is 5982059 a multiple of 30?
False
Is 1454192 a multiple of 88?
False
Is 516 a factor of 1630560?
True
Is 823 a factor of 14916704?
False
Does 29 divide 964716?
False
Is 114955 a multiple of 14?
False
Does 144 divide 158968?
False
Is 27 a factor of 1689282?
True
Is 63 a factor of 4110372?
True
Is 910329 a multiple of 469?
True
Is 2312049 a multiple of 58?
False
Does 62 divide 617086?
True
Is 156 a factor of 176669?
False
Is 10 a factor of 254401?
False
Does 113 divide 748851?
True
Does 48 divide 15718?
False
Is 3680327 a multiple of 43?
True
Does 25 divide 11324600?
True
Is 17 a factor of 362423?
True
Does 8 divide 272245?
False
Is 92 a factor of 300264?
False
Does 112 divide 120365?
False
Does 191 divide 40172?
False
Does 486 divide 372931?
False
Does 30 divide 258508?
False
Is 65033 a multiple of 39?
False
Does 47 divide 345230?
False
Is 101150 a multiple of 238?
True
Does 13 divide 5110208?
False
Does 17 divide 6228936?
True
Does 32 divide 15448228?
False
Is 1551474 a multiple of 27?
True
Is 19768987 a multiple of 19?
True
Does 15 divide 737595?
True
Is 5 a factor of 3155?
True
Is 336 a factor of 5134379?
False
Is 2676647 a multiple of 39?
False
Is 107 a factor of 2529908?
True
Is 1836540 a multiple of 18?
True
Is 53 a factor of 4240159?
True
Is 61 a factor of 434746?
False
Is 119951 a multiple of 242?
False
Does 373 divide 1434558?
True
Is 14 a factor of 96810?
True
Is 54 a factor of 7043706?
True
Is 214128 a multiple of 18?
True
Is 5 a factor of 14928591?
False
Is 49 a factor of 4448808?
True
Is 408516 a multiple of 354?
True
Is 1341692 a multiple of 3?
False
Does 18 divide 1567414?
False
Does 58 divide 1041448?
True
Is 4 a factor of 5186530?
False
Is 11 a factor of 24793054?
True
Is 1665032 a multiple of 336?
False
Is 30 a factor of 1083145?
False
Is 12 a factor of 235080?
True
Does 36 divide 1364724?
True
Is 955845 a multiple of 125?
False
Is 5373846 a multiple of 114?
True
Does 894 divide 127842?
True
Does 16 divide 10128?
True
Is 78 a factor of 36582?
True
Is 195224 a multiple of 23?
True
Is 1235 a factor of 470535?
True
Does 143 divide 5523148?
False
Does 345 divide 240810?
True
Is 2584554 a multiple of 82?
False
Does 18 divide 3594906?
True
Is 9 a factor of 505539?
True
Is 35 a factor of 2364499?
False
Does 236 divide 800474?
False
Does 12 divide 1411992?
True
Is 1916156 a multiple of 11?
True
Is 63099 a multiple of 12?
False
Is 164 a factor of 230092?
True
Is 149464 a multiple of 36?
False
Is 325355 a multiple of 11?
False
Is 10 a factor of 47688?
False
Is 5650804 a multiple of 62?
True
Is 68 a factor of 1086028?
True
Is 1612116 a multiple of 594?
True
Is 21 a factor of 1791762?
True
Is 499434 a multiple of 19?
True
Is 1970885 a multiple of 507?
False
Is 127 a factor of 42247?
False
Is 7 a factor of 90664?
True
Is 216273 a multiple of 4?
False
Is 81 a factor of 5184?
True
Is 26 a factor of 573638?
True
Does 19 divide 1061093?
True
Is 10680 a multiple of 445?
True
Is 487 a factor of 264441?
True
Does 502 divide 1265821?
False
Does 690 divide 1382111?
False
Does 11 divide 1581433?
False
Does 104 divide 32760?
True
Is 1130058 a multiple of 51?
True
Is 131 a factor of 17736572?
False
Is 210 a factor of 950880?
True
Is 235409 a multiple of 91?
False
Does 10 divide 7108?
False
Does 86 divide 393966?
True
Is 3279114 a multiple of 9?
True
Is 1269963 a multiple of 29?
False
Is 9 a factor of 96774?
False
Is 23 a factor of 642436?
True
Does 657 divide 153741?
False
Is 88 a factor of 1255543?
False
Is 211312 a multiple of 31?
False
Is 14 a factor of 1103727?
False
Is 2205 a multiple of 5?
True
Is 507246 a multiple of 8?
False
Does 54 divide 1627074?
True
Does 487 divide 280382?
False
Is 375291 a multiple of 652?
False
Is 1316858 a multiple of 247?
False
Is 8912287 a multiple of 7?
False
Is 255397 a multiple of 8?
False
Does 2588 divide 5674417?
False
Is 7269862 a multiple of 12?
False
Is 330008 a multiple of 328?
False
Is 3 a factor of 2180425?
False
Does 73 divide 95046?
True
Does 158 divide 46834?
False
Does 406 divide 1105368?
False
Is 135645 a multiple of 5?
True
Is 343784 a multiple of 7?
True
Is 18 a factor of 1684495?
False
Does 21 divide 255647?
False
Is 870 a multiple of 10?
True
Is 25 a factor of 153850?
True
Is 163155 a multiple of 73?
True
Is 31417 a multiple of 175?
False
Is 417 a factor of 1213521?
False
Does 111 divide 2933367?
False
Is 240406 a multiple of 63?
False
Does 6 divide 4818762?
True
Does 293 divide 132866?
False
Is 2031670 a multiple of 38?
True
Is 252174 a multiple of 26?
True
Is 1128 a factor of 759370?
False
Does 55 divide 3249400?
True
Does 37 divide 14438362?
True
Is 311 a factor of 1627774?
True
Is 1165 a factor of 6317795?
True
Is 4 a factor of 15710?
False
Does 271 divide 8991598?
False
Is 14 a factor of 3291739?
False
Does 11 divide 4992228?
False
Is 57 a factor of 198857?
False
Does 242 divide 30183?
False
Is 190 a factor of 5510?
True
Is 390 a factor of 2164890?
True
Is 460 a factor of 1215939?
False
Is 14 a factor of 1302659?
False
Does 11 divide 241151?
False
Does 23 divide 198670?
False
Does 151 divide 86267?
False
Is 144 a factor of 2574288?
True
Is 511878 a multiple of 107?
False
Is 316 a factor of 1484384?
False
Is 70 a factor of 1000968?
False
Does 33 divide 4319865?
True
Is 290205 a multiple of 45?
True
Is 404640 a multiple of 80?
True
Is 113 a factor of 25811410?
False
Is 19 a factor of 1395930?
True
Does 6 divide 8410662?
True
Does 128 divide 909568?
True
Is 5 a factor of 60977?
False
Is 223 a factor of 7209842?
False
Is 443180 a multiple of 117?
False
Does 14 divide 186081?
False
Is 17142992 a multiple of 1032?
False
Is 162 a factor of 844907?
False
Does 305 divide 1349930?
True
Is 111 a factor of 756909?
True
Does 55 divide 82661?
False
Is 8 a factor of 318512?
True
Is 1475 a factor of 3086170?
False
Is 1684062 a multiple of 9?
True
Is 22113011 a multiple of 152?
False
Does 78 divide 86268?
True
Does 12 divide 151072?
False
Does 32 divide 337488?
False
Is 532509 a multiple of 2?
False
Is 5472711 a multiple of 31?
False
Is 573451 a multiple of 118?
False
Is 55 a factor of 755331?
False
Is 670 a factor of 1766120?
True
Does 9 divide 272305?
False
Is 21 a factor of 95246?
False
Is 46 a factor of 16652?
True
Is 10 a factor of 18480?
True
Is 9033385 a multiple of 4?
False
Does 3 divide 236502?
True
Is 82 a factor of 100547?
False
Is 9 a factor of 771214?
False
Does 35 divide 316653?
False
Does 17 divide 298027?
True
Does 51 divide 12095?
False
Is 423 a factor of 1032966?
True
Is 35944 a multiple of 77?
False
Is 258610 a multiple of 7?
False
Is 177 a factor of 1103241?
True
Is 964768 a multiple of 24?
False
Does 8 divide 3095725?
False
Is 455301 a multiple of 803?
True
Does 98 divide 7031?
False
Does 784 divide 14841120?
True
Is 69 a factor of 6222386?
False
Does 12 divide 429302?
False
Is 146 a factor of 716117?
False
Is 28066260 a multiple of 168?
False
Is 6294690 a multiple of 10?
True
Does 89 divide 371160?
False
Is 13 a factor of 3195484?
False
Is 21 a factor of 903353?
False
Does 8 divide 84002?
False
Is 327584 a multiple of 29?
True
Is 104 a factor of 33275?
False
Does 22 divide 5740650?
False
Is 27 a factor of 569619?
True
Is 1562252 a multiple of 1073?
False
Is 41 a factor of 779?
True
Does 85 divide 145557?
False
Is 318305 a multiple of 5?
True
Is 3 a factor of 861161?
False
Does 640 divide 695321?
False
Is 101824 a multiple of 8?
True
Is 1714625 a multiple of 145?
True
Is 5692273 a multiple of 15?
False
Is 5475536 a multiple of 106?
True
Is 6057372 a multiple of 92?
True
Is 164916 a multiple of 108?
True
Is 2735487 a multiple of 57?
True
Is 39 a factor of 111731?
False
Is 51 a factor of 1317359?
False
Is 9476973 a multiple of 561?
True
Does 452 divide 178088?
True
Is 16452280 a multiple of 9?
False
Is 26013 a multiple of 299?
True
Is 139 a factor of 536818?
True
Is 559395 a multiple of 52?
False
Is 25 a factor of 1913?
False
Is 4